dreds digit of 79137?
1
What is the tens digit of 6024?
2
What is the hundreds digit of 760?
7
What is the units digit of 1817?
7
What is the hundreds digit of 18421?
4
What is the tens digit of 100621?
2
What is the units digit of 2674?
4
What is the units digit of 1742?
2
What is the tens digit of 54?
5
What is the thousands digit of 23040?
3
What is the hundred thousands digit of 116631?
1
What is the units digit of 37061?
1
What is the thousands digit of 1402?
1
What is the tens digit of 57?
5
What is the units digit of 1023?
3
What is the tens digit of 74601?
0
What is the hundreds digit of 3407?
4
What is the hundreds digit of 9548?
5
What is the hundreds digit of 9569?
5
What is the tens digit of 14018?
1
What is the thousands digit of 5046?
5
What is the units digit of 671?
1
What is the units digit of 865?
5
What is the thousands digit of 65451?
5
What is the tens digit of 899?
9
What is the tens digit of 1245?
4
What is the thousands digit of 18825?
8
What is the thousands digit of 43936?
3
What is the units digit of 58801?
1
What is the hundreds digit of 657?
6
What is the hundreds digit of 1571?
5
What is the tens digit of 577?
7
What is the hundreds digit of 9802?
8
What is the tens digit of 1350?
5
What is the hundreds digit of 1598?
5
What is the hundreds digit of 8393?
3
What is the units digit of 248?
8
What is the tens digit of 1637?
3
What is the hundreds digit of 27070?
0
What is the thousands digit of 2613?
2
What is the thousands digit of 5277?
5
What is the hundreds digit of 1353?
3
What is the ten thousands digit of 35583?
3
What is the units digit of 342?
2
What is the thousands digit of 26902?
6
What is the tens digit of 816?
1
What is the hundreds digit of 9697?
6
What is the hundreds digit of 953?
9
What is the hundreds digit of 4058?
0
What is the units digit of 2332?
2
What is the thousands digit of 3066?
3
What is the ten thousands digit of 29716?
2
What is the tens digit of 450?
5
What is the hundreds digit of 5297?
2
What is the thousands digit of 22916?
2
What is the units digit of 1296?
6
What is the hundreds digit of 18758?
7
What is the units digit of 10553?
3
What is the hundreds digit of 15522?
5
What is the thousands digit of 1244?
1
What is the units digit of 79161?
1
What is the thousands digit of 73628?
3
What is the thousands digit of 42765?
2
What is the units digit of 533?
3
What is the tens digit of 322?
2
What is the tens digit of 417?
1
What is the tens digit of 44457?
5
What is the hundreds digit of 3500?
5
What is the tens digit of 27875?
7
What is the thousands digit of 1643?
1
What is the tens digit of 84440?
4
What is the units digit of 407?
7
What is the units digit of 21720?
0
What is the units digit of 457?
7
What is the hundreds digit of 232?
2
What is the tens digit of 20004?
0
What is the units digit of 2572?
2
What is the tens digit of 9476?
7
What is the hundreds digit of 2215?
2
What is the tens digit of 1881?
8
What is the tens digit of 7229?
2
What is the thousands digit of 21193?
1
What is the hundreds digit of 2701?
7
What is the units digit of 5033?
3
What is the hundreds digit of 1284?
2
What is the units digit of 263?
3
What is the tens digit of 16218?
1
What is the hundreds digit of 12611?
6
What is the units digit of 1848?
8
What is the hundreds digit of 1373?
3
What is the hundreds digit of 220?
2
What is the thousands digit of 11406?
1
What is the hundreds digit of 1582?
5
What is the thousands digit of 16830?
6
What is the units digit of 3596?
6
What is the hundreds digit of 3300?
3
What is the units digit of 3949?
9
What is the hundreds digit of 49959?
9
What is the tens digit of 5263?
6
What is the thousands digit of 3146?
3
What is the units digit of 8854?
4
What is the tens digit of 1865?
6
What is the tens digit of 51?
5
What is the hundreds digit of 869?
8
What is the thousands digit of 1346?
1
What is the thousands digit of 9838?
9
What is the hundreds digit of 123817?
8
What is the thousands digit of 11631?
1
What is the tens digit of 4230?
3
What is the hundreds digit of 2807?
8
What is the units digit of 6702?
2
What is the hundreds digit of 634?
6
What is the tens digit of 780?
8
What is the thousands digit of 2698?
2
What is the tens digit of 8997?
9
What is the thousands digit of 26384?
6
What is the tens digit of 1752?
5
What is the units digit of 421?
1
What is the thousands digit of 14303?
4
What is the thousands digit of 2044?
2
What is the ten thousands digit of 18022?
1
What is the tens digit of 9167?
6
What is the units digit of 3785?
5
What is the hundreds digit of 5754?
7
What is the tens digit of 5557?
5
What is the units digit of 5392?
2
What is the tens digit of 1236?
3
What is the units digit of 1329?
9
What is the thousands digit of 1486?
1
What is the ten thousands digit of 59073?
5
What is the tens digit of 200?
0
What is the thousands digit of 118937?
8
What is the units digit of 14049?
9
What is the units digit of 112392?
2
What is the tens digit of 14880?
8
What is the units digit of 3631?
1
What is the hundreds digit of 78215?
2
What is the hundreds digit of 6400?
4
What is the thousands digit of 11184?
1
What is the hundreds digit of 747?
7
What is the hundreds digit of 783?
7
What is the units digit of 164363?
3
What is the tens digit of 123569?
6
What is the tens digit of 8507?
0
What is the ten thousands digit of 30242?
3
What is the thousands digit of 18755?
8
What is the tens digit of 595?
9
What is the units digit of 9320?
0
What is the hundreds digit of 1947?
9
What is the hundreds digit of 3501?
5
What is the ten thousands digit of 59005?
5
What is the tens digit of 39134?
3
What is the tens digit of 1040?
4
What is the tens digit of 6159?
5
What is the thousands digit of 2324?
2
What is the thousands digit of 5474?
5
What is the hundreds digit of 40478?
4
What is the units digit of 2197?
7
What is the thousands digit of 3377?
3
What is the tens digit of 390?
9
What is the tens digit of 135201?
0
What is the tens digit of 554?
5
What is the hundreds digit of 1555?
5
What is the tens digit of 10353?
5
What is the units digit of 2268?
8
What is the hundreds digit of 14760?
7
What is the hundreds digit of 11830?
8
What is the hundreds digit of 182?
1
What is the hundreds digit of 167533?
5
What is the hundreds digit of 32655?
6
What is the thousands digit of 69473?
9
What is the tens digit of 4272?
7
What is the units digit of 1819?
9
What is the tens digit of 43179?
7
What is the hundreds digit of 24744?
7
What is the tens digit of 1009?
0
What is the thousands digit of 11611?
1
What is the thousands digit of 2703?
2
What is the hundreds digit of 88075?
0
What is the tens digit of 877?
7
What is the ten thousands digit of 17242?
1
What is the tens digit of 234?
3
What is the hundreds digit of 1059?
0
What is the ten thousands digit of 10051?
1
What is the hundreds digit of 41389?
3
What is the tens digit of 1826?
2
What is the thousands digit of 4448?
4
What is the units digit of 72343?
3
What is the units digit of 117019?
9
What is the units digit of 217?
7
What is the hundreds digit of 1147?
1
What is the ten thousands digit of 35565?
3
What is the thousands digit of 33225?
3
What is the tens digit of 4199?
9
What is the thousands digit of 55434?
5
What is the thousands digit of 96367?
6
What is the hundred thousands digit of 135266?
1
What is the thousands digit of 7818?
7
What is the units digit of 15716?
6
What is the hundreds digit of 3510?
5
What is the thousands digit of 1577?
1
What is the thousands digit of 1442?
1
What is the units digit of 31821?
1
What is the units digit of 101251?
1
What is the hundreds digit of 4636?
6
What is the tens digit of 15592?
9
What is the units digit of 924?
4
What is the tens digit of 4280?
8
What is the thousands digit of 7760?
7
What is the units digit of 2730?
0
What is the tens digit of 4752?
5
What is the units digit of 758?
8
What is the tens digit of 873?
7
What is the thousands digit of 19575?
9
What is the tens digit of 968?
6
What is the thousands digit of 19414?
9
What is the tens digit of 10204?
0
What is the tens digit of 2543?
4
What is the thousands digit of 10710?
0
What is the hundreds digit of 6794?
7
What is the tens digit of 13684?
8
What is the tens digit of 505?